MONTHLY CLIMATOLOGICAL SUMMARY for Jan 2024 NAME: Castelnuovo Bocca d'Adda, Italia ELEV: 55 metri LAT: 45-06.60 N LONG: 009-52.14 E TEMPERATURE (°C), RAIN (mm), WIND SPEED (km/h) HEAT COOL AVG MEAN DEG DEG WIND DOM DAY TEMP HIGH TIME LOW TIME DAYS DAYS RAIN SPEED HIGH TIME DIR --------------------------------------------------------------------------------------- 01 6.2 7.8 03:01 4.8 23:52 12.1 0.0 0.3 0.2 156.1 10:41 309 02 4.4 5.3 20:26 2.9 06:18 14.0 0.0 0.0 N/A 156.1 00:00 N/A 03 6.3 9.4 13:53 3.4 23:56 12.0 0.0 0.0 0.0 156.1 00:00 270 04 5.8 13.7 15:54 0.8 05:26 12.5 0.0 0.0 1.1 156.1 00:00 280 05 5.5 6.7 14:05 4.1 01:28 12.8 0.0 17.3 N/A 156.1 00:00 N/A 06 5.6 6.4 21:55 4.6 05:15 12.7 0.0 13.0 N/A 156.1 00:00 N/A 07 7.0 8.3 12:00 6.1 00:11 11.3 0.0 10.9 N/A 156.1 00:00 N/A 08 7.9 11.1 15:16 6.3 07:43 10.4 0.0 0.3 N/A 156.1 00:00 N/A 09 5.9 7.6 14:51 3.8 23:56 12.4 0.0 0.0 0.8 156.1 00:00 112 10 2.9 5.5 14:50 0.9 23:48 15.4 0.0 0.0 0.4 156.1 00:00 135 11 2.2 6.8 15:16 -0.9 08:28 16.2 0.0 0.0 0.0 156.1 00:00 270 12 2.6 7.9 15:27 -0.8 06:23 15.8 0.0 0.0 0.0 156.1 00:00 N/A 13 0.5 4.2 15:40 -2.3 08:37 17.8 0.0 0.0 N/A 156.1 00:00 N/A 14 -0.5 1.3 16:09 -3.3 07:46 18.8 0.0 0.3 N/A 156.1 00:00 N/A 15 3.0 8.2 15:14 -0.2 01:51 15.3 0.0 0.0 N/A 156.1 00:00 N/A 16 1.0 2.8 22:59 -2.0 07:07 17.3 0.0 0.3 N/A 156.1 00:00 N/A 17 3.4 4.2 15:24 2.6 00:03 14.9 0.0 9.7 N/A 156.1 00:00 N/A 18 4.3 7.2 14:55 2.7 23:27 14.1 0.0 2.0 N/A 156.1 00:00 N/A 19 4.5 6.2 14:52 2.5 00:12 13.8 0.0 1.3 N/A 156.1 00:00 N/A 20 2.3 8.1 16:30 -1.8 08:39 16.0 0.0 0.0 7.6 156.1 00:00 315 21 0.3 4.6 14:29 -3.5 08:23 18.1 0.0 0.3 10.9 156.1 00:00 292 22 1.6 6.4 15:24 -2.9 07:51 16.8 0.0 0.0 3.7 156.1 00:00 328 23 5.0 9.9 14:25 0.4 07:57 13.4 0.0 0.0 3.1 156.1 06:16 221 24 4.1 9.8 15:42 0.2 05:46 14.2 0.0 0.0 3.6 156.1 00:32 262 25 4.1 9.8 14:16 -1.1 08:29 14.3 0.0 0.0 N/A 156.1 00:00 N/A 26 2.8 6.0 16:04 -1.5 05:15 15.6 0.0 0.0 N/A 156.1 00:00 N/A 27 3.5 8.1 15:58 1.0 08:05 14.8 0.0 0.3 N/A 156.1 00:00 N/A 28 3.4 4.9 15:51 2.2 05:34 14.9 0.0 0.0 N/A 156.1 00:00 N/A 29 2.5 5.3 16:06 1.0 09:51 15.9 0.0 0.0 N/A 156.1 00:00 N/A 30 2.1 6.8 16:36 -0.9 05:16 16.2 0.0 0.3 N/A 156.1 00:00 N/A 31 4.2 10.4 15:44 -1.1 06:42 14.1 0.0 0.0 4.4 156.1 00:00 270 --------------------------------------------------------------------------------------- 3.7 13.7 04 -3.5 21 454.0 0.0 55.9 1.7 156.1 01 283 Updated: 02/01/2024 12:00:00 AM