MONTHLY CLIMATOLOGICAL SUMMARY for Nov 2023 NAME: Castelnuovo Bocca d'Adda, Italia ELEV: 55 metri LAT: 45-06.60 N LONG: 009-52.14 E TEMPERATURE (°C), RAIN (mm), WIND SPEED (km/h) HEAT COOL AVG MEAN DEG DEG WIND DOM DAY TEMP HIGH TIME LOW TIME DAYS DAYS RAIN SPEED HIGH TIME DIR --------------------------------------------------------------------------------------- 01 11.7 14.2 13:45 8.4 04:45 6.6 0.0 0.3 N/A 156.1 00:00 N/A 02 12.4 14.2 16:34 11.3 23:12 5.9 0.0 0.5 N/A 156.1 00:00 N/A 03 12.4 17.3 13:14 9.7 07:55 6.0 0.0 0.5 22.1 156.1 00:00 72 04 10.0 13.3 12:57 6.1 07:09 8.3 0.0 2.8 0.9 156.1 00:00 90 05 11.3 15.7 15:28 8.2 06:41 7.0 0.0 0.5 16.9 156.1 00:00 270 06 11.6 17.7 16:21 6.3 08:05 6.8 0.0 0.5 12.1 156.1 00:00 93 07 10.3 15.4 14:51 5.8 05:26 8.0 0.0 0.5 30.6 156.1 00:00 315 08 9.3 14.3 15:28 5.9 06:51 9.0 0.0 0.5 0.0 156.1 00:00 N/A 09 8.3 10.7 13:17 5.3 06:42 10.1 0.0 0.3 N/A 156.1 00:00 N/A 10 9.1 10.3 15:03 7.0 23:51 9.3 0.0 0.5 N/A 156.1 00:00 N/A 11 9.0 16.2 14:47 4.0 07:06 9.3 0.0 0.3 0.6 156.1 00:00 315 12 7.7 11.4 14:29 5.2 01:55 10.6 0.0 0.3 11.3 156.1 00:00 310 13 8.3 13.9 14:25 3.7 07:03 10.0 0.0 0.3 3.6 156.1 00:00 315 14 9.5 11.9 14:36 6.4 03:39 8.9 0.0 0.3 N/A 156.1 00:00 N/A 15 13.0 18.8 14:58 9.6 23:55 5.4 0.0 0.3 0.9 156.1 00:00 291 16 9.7 12.7 13:25 6.7 07:26 8.6 0.0 0.3 28.2 156.1 00:00 292 17 11.8 18.6 13:22 7.3 04:26 6.6 0.0 0.0 1.0 156.1 00:00 314 18 9.0 14.8 14:42 4.9 07:46 9.3 0.0 0.3 4.5 156.1 00:00 272 19 8.3 14.7 15:08 3.7 05:48 10.0 0.0 0.0 5.9 156.1 01:22 247 20 7.3 12.2 14:03 4.9 05:09 11.0 0.0 0.3 24.1 156.1 00:00 112 21 22 23 5.4 6.3 21:25 4.6 00:00 12.9 0.0 0.0 N/A 156.1 21:25 N/A 24 6.6 12.3 14:35 2.4 07:05 11.8 0.0 0.0 3.3 156.1 00:05 315 25 7.8 11.6 12:41 3.7 02:25 10.5 0.0 0.0 16.1 156.1 00:05 295 26 6.6 13.3 14:07 2.5 07:40 11.8 0.0 0.0 4.2 156.1 10:03 275 27 3.5 5.7 12:48 1.2 05:54 14.8 0.0 0.3 1.6 156.1 10:18 14 28 6.7 12.6 15:11 2.2 08:05 11.6 0.0 0.0 7.0 156.1 00:00 274 29 5.5 9.9 14:37 0.3 07:36 12.8 0.0 0.0 2.8 156.1 02:09 243 30 4.0 6.2 00:14 3.1 09:18 14.3 0.0 0.3 5.8 156.1 00:23 130 --------------------------------------------------------------------------------------- 8.9 18.8 15 0.3 29 267.1 0.0 9.4 4.3 156.1 01 278 Updated: 12/01/2023 12:00:00 AM