MONTHLY CLIMATOLOGICAL SUMMARY for Jun 2020 NAME: Castelnuovo Bocca d'Adda, Italia ELEV: 55 metri LAT: 45-06.60 N LONG: 009-52.14 E TEMPERATURE (°C), RAIN (mm), WIND SPEED (km/h) HEAT COOL AVG MEAN DEG DEG WIND DOM DAY TEMP HIGH TIME LOW TIME DAYS DAYS RAIN SPEED HIGH TIME DIR --------------------------------------------------------------------------------------- 01 21.0 27.3 16:08 14.9 06:17 0.0 2.7 0.0 1.7 24.1 15:09 115 02 23.4 29.7 16:55 17.9 06:24 0.0 5.0 0.0 3.1 38.6 19:35 303 03 21.6 28.1 15:08 16.2 05:10 0.0 3.3 0.3 3.0 156.1 16:27 257 04 16.8 18.6 00:06 15.3 23:43 1.6 0.0 24.1 1.8 156.1 06:03 105 05 20.0 26.9 18:00 14.7 03:58 0.0 1.7 5.3 3.3 156.1 00:00 278 06 21.3 27.2 15:54 15.6 06:11 0.0 3.0 0.0 3.4 156.1 05:37 131 07 19.8 23.6 17:20 16.7 23:36 0.0 1.5 3.0 4.3 156.1 11:07 141 08 18.0 21.7 13:16 15.8 03:48 0.3 0.0 1.3 4.2 156.1 08:19 112 09 18.9 23.3 18:57 15.6 06:22 0.0 0.5 0.0 2.6 37.0 14:05 288 10 17.1 23.9 13:24 14.2 05:49 1.2 0.0 4.1 3.3 156.1 16:25 285 11 17.5 22.3 15:52 14.8 05:34 0.8 0.0 4.8 2.4 156.1 04:25 118 12 19.7 25.8 16:46 13.4 05:45 0.0 1.4 0.0 0.7 156.1 05:20 214 13 20.9 27.7 15:29 17.3 05:44 0.0 2.6 2.0 5.8 156.1 21:03 278 14 21.1 27.6 19:29 16.2 04:46 0.0 2.7 4.3 3.8 156.1 00:00 289 15 21.9 27.3 16:09 17.3 05:56 0.0 3.6 0.0 3.8 156.1 04:50 105 16 22.6 27.4 15:13 18.4 05:59 0.0 4.3 0.0 2.1 32.2 18:16 75 17 20.3 25.2 17:40 16.7 09:02 0.0 2.0 14.2 2.6 156.1 05:31 288 18 20.7 26.8 13:40 15.8 05:35 0.0 2.4 7.1 3.1 43.5 18:33 270 19 19.8 26.6 17:01 16.4 06:20 0.0 1.4 3.0 3.5 80.5 17:18 288 20 21.3 28.8 16:48 14.2 05:07 0.0 3.0 0.0 0.9 27.4 18:06 273 21 23.6 30.4 17:06 16.7 05:12 0.0 5.2 0.0 1.8 33.8 10:41 278 22 25.0 32.6 19:10 16.9 04:15 0.0 6.7 0.0 3.2 30.6 08:06 277 23 26.2 32.9 18:16 19.5 05:01 0.0 7.9 0.0 2.0 14.5 15:02 288 24 25.7 31.7 16:14 20.4 06:58 0.0 7.3 0.0 3.4 24.1 08:55 110 25 24.3 29.7 15:04 19.2 05:41 0.0 5.9 0.0 2.7 29.0 20:29 107 26 24.5 30.2 17:01 19.1 06:02 0.0 6.1 0.0 2.3 24.1 13:50 86 27 26.0 32.6 16:02 19.5 05:54 0.0 7.7 0.0 2.9 27.4 09:35 307 28 26.4 32.6 17:03 19.9 06:19 0.0 8.0 0.0 3.4 17.7 08:01 310 29 27.1 33.1 17:27 20.2 05:39 0.0 8.8 0.0 3.0 22.5 16:54 292 30 26.9 32.1 18:08 21.3 04:31 0.0 8.6 0.0 3.0 33.8 09:14 111 --------------------------------------------------------------------------------------- 22.0 33.1 29 13.4 12 3.9 113.3 73.7 2.9 156.1 03 269 Updated: 07/01/2020 12:00:00 AM