MONTHLY CLIMATOLOGICAL SUMMARY for Feb 2019 NAME: Castelnuovo Bocca d'Adda, Italia ELEV: 55 metri LAT: 45-06.60 N LONG: 009-52.14 E TEMPERATURE (°C), RAIN (mm), WIND SPEED (km/h) HEAT COOL AVG MEAN DEG DEG WIND DOM DAY TEMP HIGH TIME LOW TIME DAYS DAYS RAIN SPEED HIGH TIME DIR --------------------------------------------------------------------------------------- 01 0.4 0.8 14:54 0.1 02:52 17.9 0.0 18.8 33.8 156.1 00:00 317 02 1.6 2.7 14:47 0.5 00:52 16.7 0.0 15.5 37.7 156.1 00:07 253 03 4.1 6.1 15:44 1.9 00:00 14.3 0.0 2.0 22.7 156.1 02:36 248 04 6.3 10.7 14:27 2.4 23:53 12.0 0.0 0.0 43.0 156.1 00:02 80 05 3.7 9.4 15:28 -0.1 06:31 14.6 0.0 0.0 14.3 156.1 00:00 255 06 4.1 11.1 17:00 -0.6 07:32 14.2 0.0 0.0 28.4 156.1 00:06 297 07 3.2 7.8 14:24 -0.7 07:52 15.1 0.0 0.0 26.2 156.1 00:04 280 08 4.7 11.2 16:03 0.1 06:54 13.6 0.0 0.0 10.8 156.1 00:00 293 09 5.6 11.4 14:32 0.8 07:45 12.8 0.0 0.0 4.3 156.1 00:00 276 10 6.8 7.8 12:58 5.4 23:22 11.6 0.0 0.0 7.3 156.1 00:19 117 11 7.9 14.2 13:36 4.3 23:52 10.4 0.0 0.0 16.8 152.9 07:10 292 12 8.0 14.1 15:55 2.7 04:36 10.3 0.0 0.0 11.9 156.1 00:21 280 13 6.0 12.9 16:24 0.5 08:03 12.3 0.0 0.0 2.6 156.1 04:15 88 14 6.4 14.0 16:17 0.4 06:45 11.9 0.0 0.0 9.3 156.1 00:44 284 15 7.2 15.3 15:33 1.2 07:47 11.2 0.0 0.0 3.8 156.1 00:53 20 16 7.2 14.7 15:41 1.3 07:06 11.1 0.0 0.0 5.7 156.1 01:02 293 17 7.9 16.2 16:23 2.0 06:07 10.5 0.0 0.0 15.0 157.7 13:01 275 18 8.4 16.1 15:56 1.6 07:55 9.9 0.0 0.0 7.6 156.1 00:13 291 19 8.0 14.8 16:36 1.3 07:23 10.3 0.0 0.0 8.2 156.1 00:00 321 20 6.2 12.6 16:18 1.8 06:23 12.2 0.0 0.0 22.2 156.1 00:00 78 21 6.4 14.5 16:43 -0.7 08:06 11.9 0.0 0.0 10.7 156.1 00:00 18 22 10.2 19.8 14:43 3.2 06:57 8.1 0.0 0.0 6.7 156.1 00:00 298 23 6.5 9.9 15:27 2.9 23:57 11.8 0.0 0.0 7.8 156.1 00:00 110 24 4.3 10.1 16:15 -1.4 07:22 14.0 0.0 0.0 3.1 156.1 02:02 151 25 7.0 14.7 16:01 -0.1 06:53 11.4 0.0 0.0 10.9 156.1 00:00 278 26 10.2 19.5 16:13 3.1 07:32 8.1 0.0 0.0 5.6 156.1 00:38 277 27 12.3 21.1 15:35 5.3 07:12 6.0 0.0 0.0 6.4 156.1 00:44 296 28 10.9 19.3 14:24 3.5 07:35 7.4 0.0 0.0 16.0 156.1 00:00 304 --------------------------------------------------------------------------------------- 6.5 21.1 27 -1.4 24 331.6 0.0 36.3 8.5 157.7 17 292 Updated: 03/01/2019 12:00:00 AM