MONTHLY CLIMATOLOGICAL SUMMARY for Nov 2018 NAME: Castelnuovo Bocca d'Adda, Italia ELEV: 55 metri LAT: 45-06.60 N LONG: 009-52.14 E TEMPERATURE (°C), RAIN (mm), WIND SPEED (km/h) HEAT COOL AVG MEAN DEG DEG WIND DOM DAY TEMP HIGH TIME LOW TIME DAYS DAYS RAIN SPEED HIGH TIME DIR --------------------------------------------------------------------------------------- 01 13.1 15.5 12:09 11.4 23:46 5.3 0.0 0.3 12.4 156.1 03:20 283 02 12.0 13.2 15:38 10.7 02:57 6.3 0.0 0.3 45.7 156.1 00:00 286 03 13.7 14.9 15:54 12.6 00:00 4.7 0.0 0.3 13.4 156.1 00:00 232 04 14.0 17.1 14:40 11.4 08:08 4.3 0.0 0.3 41.3 156.1 00:00 248 05 15.3 16.8 15:33 13.4 02:52 3.0 0.0 0.0 N/A 156.1 00:00 90 06 15.6 17.3 13:31 14.9 06:23 2.7 0.0 0.3 N/A 156.1 02:24 90 07 14.6 16.4 15:30 13.1 23:14 3.7 0.0 0.0 36.2 156.1 00:00 93 08 14.5 17.6 12:40 12.3 05:55 3.9 0.0 0.3 24.1 156.1 00:00 248 09 13.7 16.1 15:04 11.1 22:55 4.7 0.0 0.0 39.3 156.1 00:00 128 10 12.1 13.7 15:30 11.1 03:20 6.2 0.0 0.3 42.2 156.1 00:00 136 11 13.4 14.9 16:02 12.1 00:10 4.9 0.0 0.0 33.0 156.1 00:15 45 12 13.8 15.2 11:58 12.8 19:58 4.5 0.0 0.3 59.5 156.1 00:00 261 13 13.6 16.4 13:25 11.3 06:42 4.7 0.0 0.0 12.9 156.1 00:00 259 14 12.2 13.3 14:57 9.3 23:06 6.1 0.0 0.0 23.2 156.1 00:00 90 15 11.9 12.9 15:53 10.4 00:00 6.5 0.0 0.3 10.9 156.1 00:00 193 16 10.6 13.7 12:37 7.6 23:09 7.8 0.0 0.0 22.3 156.1 00:00 111 17 8.3 12.2 13:40 5.1 06:02 10.1 0.0 0.0 15.2 156.1 00:56 78 18 5.7 9.7 14:41 2.8 07:37 12.6 0.0 0.0 43.0 156.1 00:43 198 19 4.7 7.7 13:10 1.2 04:01 13.6 0.0 0.0 37.0 156.1 00:00 270 20 4.0 5.3 15:45 2.2 06:08 14.3 0.0 0.0 38.9 156.1 00:13 259 21 5.7 8.5 13:50 2.6 07:39 12.7 0.0 0.0 56.6 156.1 00:00 297 22 8.1 10.6 15:29 6.2 00:00 10.3 0.0 0.3 24.3 156.1 00:00 292 23 8.6 9.3 18:52 7.8 03:25 9.7 0.0 0.0 41.8 157.7 15:34 248 24 8.3 9.4 15:26 5.8 23:34 10.0 0.0 0.0 11.3 156.1 00:00 270 25 8.5 10.6 15:16 5.8 01:38 9.9 0.0 0.0 N/A 156.1 00:04 90 26 9.5 13.3 14:29 7.7 23:58 8.8 0.0 0.0 36.5 156.1 00:24 270 27 8.9 13.4 14:24 5.9 23:58 9.4 0.0 0.0 11.3 156.1 00:00 56 28 6.6 12.4 14:41 2.7 23:57 11.8 0.0 0.3 40.8 156.1 00:00 315 29 3.2 6.8 14:29 -0.1 08:27 15.1 0.0 0.0 13.2 156.1 00:00 105 30 1.6 3.6 17:52 -0.9 03:27 16.8 0.0 0.0 23.0 156.1 00:00 287 --------------------------------------------------------------------------------------- 10.2 17.6 08 -0.9 30 244.2 0.0 2.8 25.1 157.7 23 251 Updated: 12/01/18 00:00:00