MONTHLY CLIMATOLOGICAL SUMMARY for Feb 2017 NAME: Castelnuovo Bocca d'Adda, Italia ELEV: 55 metri LAT: 45-06.60 N LONG: 009-52.14 E TEMPERATURE (°C), RAIN (mm), WIND SPEED (km/h) HEAT COOL AVG MEAN DEG DEG WIND DOM DAY TEMP HIGH TIME LOW TIME DAYS DAYS RAIN SPEED HIGH TIME DIR --------------------------------------------------------------------------------------- 01 3.8 4.7 19:35 2.8 00:05 14.6 0.0 0.8 0.6 61.2 13:10 355 02 4.9 5.8 16:15 3.8 01:20 13.4 0.0 1.0 0.7 59.5 14:25 353 03 6.1 7.8 17:25 4.8 04:25 12.3 0.0 9.9 1.5 57.9 04:05 109 04 5.2 6.6 00:15 2.1 08:25 13.2 0.0 11.7 0.2 62.8 15:15 68 05 4.0 5.5 17:20 2.0 08:10 14.4 0.0 37.6 0.3 56.3 08:15 270 06 5.3 7.5 18:20 3.1 03:50 13.1 0.0 5.1 0.6 70.8 18:40 323 07 8.3 12.9 13:55 4.8 07:00 10.0 0.0 0.0 1.8 32.2 23:30 113 08 4.7 7.9 17:20 -0.1 07:35 13.7 0.0 0.0 2.7 57.9 11:10 104 09 4.7 6.8 15:05 2.2 08:40 13.7 0.0 0.0 3.1 20.9 02:50 112 10 4.9 6.6 15:30 3.8 07:30 13.4 0.0 0.0 1.7 11.3 05:25 75 11 5.2 7.1 17:20 3.8 05:35 13.2 0.0 0.0 2.3 11.3 03:50 297 12 6.3 8.4 17:25 5.1 06:00 12.0 0.0 0.0 3.7 11.3 07:55 278 13 6.4 8.0 16:20 5.3 08:50 12.0 0.0 0.0 3.4 49.9 08:45 100 14 7.2 12.1 17:10 3.2 08:30 11.1 0.0 0.0 2.7 11.3 00:15 208 15 7.1 13.6 17:00 2.2 08:45 11.2 0.0 0.0 5.0 27.4 08:40 289 16 8.1 15.8 17:10 2.7 07:50 10.2 0.0 0.3 2.3 20.9 12:15 282 17 8.9 14.7 18:20 3.6 06:45 9.4 0.0 0.0 2.3 37.0 08:50 290 18 6.4 9.5 15:35 4.1 23:40 11.9 0.0 0.3 2.3 62.8 04:00 285 19 5.1 8.7 19:50 3.3 00:00 13.3 0.0 0.0 1.3 41.8 12:00 275 20 4.6 8.6 17:20 1.2 02:25 13.7 0.0 0.3 1.7 62.8 12:40 295 21 5.5 11.8 17:50 2.5 06:30 12.8 0.0 0.0 1.3 16.1 15:45 208 22 5.4 8.5 17:45 3.1 02:20 12.9 0.0 1.0 0.8 61.2 08:00 134 23 6.0 8.8 17:45 4.0 07:05 12.4 0.0 0.5 1.0 61.2 03:05 107 24 8.7 11.1 17:05 7.3 04:15 9.7 0.0 0.0 1.3 41.8 11:25 349 25 8.9 13.3 16:55 4.8 08:45 9.4 0.0 0.0 5.9 62.8 19:30 127 26 7.3 14.7 16:10 1.2 08:20 11.1 0.0 0.0 1.8 16.1 09:15 227 27 7.2 9.9 15:25 3.1 08:05 11.2 0.0 0.0 1.9 14.5 22:05 113 28 9.6 13.8 19:30 6.9 06:55 8.7 0.0 1.0 4.0 51.5 04:55 124 --------------------------------------------------------------------------------------- 6.3 15.8 16 -0.1 08 337.8 0.0 69.3 2.1 70.8 06 170 Updated: 10/17/18 13:15:00