MONTHLY CLIMATOLOGICAL SUMMARY for Sep 2016 NAME: Castelnuovo Bocca d'Adda, Italia ELEV: 55 metri LAT: 45-06.60 N LONG: 009-52.14 E TEMPERATURE (°C), RAIN (mm), WIND SPEED (km/h) HEAT COOL AVG MEAN DEG DEG WIND DOM DAY TEMP HIGH TIME LOW TIME DAYS DAYS RAIN SPEED HIGH TIME DIR --------------------------------------------------------------------------------------- 01 24.7 31.3 17:55 18.7 09:15 0.0 6.4 0.0 2.0 16.1 17:35 339 02 26.2 33.0 19:10 20.1 08:20 0.0 7.8 0.0 1.1 20.9 15:05 92 03 26.1 32.8 18:55 19.7 09:25 0.0 7.8 0.0 1.4 16.1 18:30 53 04 25.5 30.6 17:20 20.3 08:50 0.0 7.2 0.0 1.6 11.3 13:45 330 05 25.3 32.3 20:00 20.5 09:25 0.0 7.0 0.0 3.4 25.7 18:50 322 06 23.1 30.1 18:55 17.9 08:30 0.0 4.8 0.0 5.6 53.1 21:25 117 07 21.7 29.2 19:20 15.8 09:35 0.0 3.3 0.0 3.8 22.5 17:15 33 08 24.4 30.6 19:00 18.1 09:00 0.0 6.0 0.0 1.6 17.7 14:15 107 09 24.6 31.4 17:35 18.5 09:05 0.0 6.3 0.0 1.5 22.5 17:45 176 10 24.8 31.4 18:10 18.5 09:05 0.0 6.5 0.0 1.8 16.1 17:20 322 11 25.0 31.7 16:50 18.7 08:25 0.0 6.7 0.0 2.8 22.5 19:20 88 12 24.9 31.2 18:05 18.9 08:40 0.0 6.6 0.0 2.3 19.3 16:45 73 13 25.1 32.1 18:25 18.5 09:10 0.0 6.7 0.0 1.5 14.5 17:25 42 14 23.9 31.8 17:15 18.6 09:20 0.0 5.6 0.0 1.9 33.8 19:45 254 15 21.5 25.9 18:50 18.9 06:30 0.0 3.2 2.8 3.3 20.9 09:55 111 16 19.2 23.2 14:35 17.3 18:55 0.0 0.8 10.7 1.6 61.2 15:00 99 17 18.5 24.1 17:00 16.1 05:25 0.0 0.2 8.9 2.1 51.5 11:00 299 18 18.3 23.7 19:50 13.7 09:15 0.1 0.0 0.5 2.7 32.2 06:35 289 19 19.5 26.6 19:25 14.5 09:30 0.0 1.2 0.0 3.9 20.9 12:30 274 20 19.6 26.0 17:25 14.6 06:00 0.0 1.2 0.0 1.7 16.1 18:05 260 21 18.6 21.8 16:55 16.6 09:55 0.0 0.2 0.3 6.5 45.1 11:25 110 22 18.0 22.9 17:40 14.6 05:25 0.3 0.0 0.0 2.2 19.3 14:45 115 23 18.3 24.9 18:20 12.6 09:00 0.0 0.0 0.0 1.2 16.1 17:40 111 24 19.0 25.3 18:00 12.9 09:20 0.0 0.7 0.0 2.3 17.7 18:10 109 25 18.5 26.1 20:00 12.3 09:40 0.0 0.1 0.0 1.7 16.1 15:25 283 26 18.5 25.6 17:55 12.5 09:35 0.0 0.1 0.0 2.1 32.2 08:15 120 27 19.1 25.9 17:10 13.2 09:40 0.0 0.7 0.0 1.4 19.3 18:00 97 28 18.9 25.9 18:35 12.6 09:20 0.0 0.5 0.0 1.3 14.5 12:25 274 29 19.0 26.3 18:10 13.2 09:55 0.0 0.6 0.0 1.5 49.9 06:30 293 30 20.2 26.8 18:45 14.6 05:00 0.0 1.8 0.0 1.9 19.3 20:55 247 --------------------------------------------------------------------------------------- 21.7 33.0 02 12.3 25 0.4 100.1 23.1 2.3 61.2 16 97 Updated: 10/17/18 13:15:00