MONTHLY CLIMATOLOGICAL SUMMARY for Feb 2013 NAME: Castelnuovo Bocca d'Adda, Italia ELEV: 55 metri LAT: 45-06.60 N LONG: 009-52.14 E TEMPERATURE (°C), RAIN (mm), WIND SPEED (km/h) HEAT COOL AVG MEAN DEG DEG WIND DOM DAY TEMP HIGH TIME LOW TIME DAYS DAYS RAIN SPEED HIGH TIME DIR --------------------------------------------------------------------------------------- 01 2.0 3.2 18:25 0.5 09:10 16.3 0.0 0.0 1.5 25.7 14:20 139 02 3.6 6.2 22:05 2.4 00:05 14.7 0.0 13.0 4.5 62.8 10:50 278 03 5.9 11.6 16:50 2.4 09:20 12.4 0.0 0.3 3.6 27.4 01:40 246 04 5.3 11.4 16:30 0.6 08:25 13.0 0.0 0.0 2.8 16.1 02:35 280 05 4.4 8.6 15:25 1.8 02:55 13.9 0.0 0.0 3.3 19.3 12:10 125 06 5.1 10.3 16:05 1.4 09:15 13.3 0.0 0.0 6.0 41.8 20:00 127 07 4.2 8.7 16:45 2.0 09:00 14.1 0.0 0.0 4.4 22.5 01:30 289 08 4.0 8.7 17:50 0.2 08:20 14.3 0.0 0.0 2.6 16.1 02:10 281 09 1.5 7.1 17:25 -2.0 08:45 16.9 0.0 0.0 2.7 17.7 12:35 281 10 0.7 4.9 16:20 -2.6 09:05 17.6 0.0 0.0 1.4 11.3 13:20 84 11 0.3 1.5 07:10 -0.4 09:35 18.0 0.0 1.5 6.3 62.8 14:30 94 12 0.8 2.6 16:30 -0.4 06:40 17.5 0.0 10.4 1.2 53.1 08:05 289 13 -0.9 0.6 00:05 -3.3 02:55 19.2 0.0 1.3 5.5 56.3 11:40 309 14 0.4 5.1 16:45 -2.8 09:15 18.0 0.0 0.0 4.1 19.3 07:20 295 15 2.6 6.8 17:10 0.1 07:40 15.8 0.0 0.0 1.1 14.5 13:40 299 16 3.6 8.6 17:05 0.3 06:30 14.8 0.0 0.0 1.0 9.7 09:10 276 17 3.9 8.4 15:10 0.1 08:10 14.5 0.0 0.0 3.4 19.3 14:35 127 18 4.3 9.2 17:00 0.8 06:40 14.1 0.0 0.0 1.5 11.3 11:15 260 19 3.2 8.7 16:25 -0.9 06:50 15.1 0.0 0.0 4.0 16.1 15:35 281 20 2.7 6.1 14:20 -0.3 05:55 15.6 0.0 0.5 2.8 20.9 14:50 127 21 1.5 4.0 02:20 -0.2 17:10 16.8 0.0 4.8 11.7 66.0 04:40 134 22 0.6 2.4 15:20 -0.4 08:50 17.7 0.0 1.3 1.3 16.1 12:05 176 23 0.7 2.9 15:05 -0.3 09:20 17.6 0.0 0.5 1.7 51.5 17:35 136 24 0.7 2.1 13:35 -0.3 21:30 17.6 0.0 11.7 1.2 56.3 19:45 307 25 1.9 3.7 14:05 -0.4 00:05 16.4 0.0 6.4 1.5 57.9 21:50 272 26 4.6 9.8 16:40 0.8 07:30 13.7 0.0 0.3 6.2 24.1 15:25 282 27 3.6 5.6 17:20 1.3 04:55 14.7 0.0 0.5 2.1 14.5 09:05 279 28 7.4 12.0 15:25 4.4 06:40 10.9 0.0 0.0 2.0 11.3 03:55 269 --------------------------------------------------------------------------------------- 2.8 12.0 28 -3.3 13 434.6 0.0 52.3 3.3 66.0 21 246 Updated: 10/17/18 13:15:00