MONTHLY CLIMATOLOGICAL SUMMARY for Oct 2012 NAME: Castelnuovo Bocca d'Adda, Italia ELEV: 55 metri LAT: 45-06.60 N LONG: 009-52.14 E TEMPERATURE (°C), RAIN (mm), WIND SPEED (km/h) HEAT COOL AVG MEAN DEG DEG WIND DOM DAY TEMP HIGH TIME LOW TIME DAYS DAYS RAIN SPEED HIGH TIME DIR --------------------------------------------------------------------------------------- 01 17.9 19.9 15:50 16.1 09:25 0.4 0.0 6.6 2.3 62.8 05:40 210 02 18.5 23.6 19:25 15.3 05:55 0.0 0.1 0.3 3.1 49.9 02:35 310 03 18.9 24.4 17:35 14.5 09:30 0.0 0.6 0.0 1.2 11.3 12:40 274 04 19.0 24.1 17:50 14.8 06:45 0.0 0.7 0.0 1.2 11.3 18:10 256 05 18.6 23.7 18:55 15.0 06:10 0.0 0.3 0.0 1.0 9.7 06:20 163 06 18.9 24.4 18:30 14.2 09:45 0.0 0.6 0.0 2.9 19.3 15:55 286 07 20.1 24.3 16:50 16.6 10:05 0.0 1.7 0.0 2.9 22.5 17:30 292 08 17.4 18.9 00:05 15.3 06:20 1.0 0.0 0.0 4.6 33.8 13:20 127 09 17.1 21.0 18:45 14.2 09:25 1.3 0.0 1.3 2.1 62.8 07:00 117 10 17.1 20.4 17:45 14.6 08:00 1.2 0.0 0.0 1.1 11.3 14:35 142 11 15.2 18.5 16:20 12.1 08:20 3.1 0.0 3.6 2.2 51.5 11:40 128 12 15.9 20.2 17:20 13.7 05:50 2.4 0.0 9.9 0.6 33.8 05:45 322 13 14.5 17.8 19:30 11.4 08:55 3.8 0.0 0.3 1.4 61.2 09:15 255 14 15.2 18.7 16:50 13.3 03:00 3.2 0.0 2.0 6.1 53.1 23:15 126 15 13.8 15.6 19:10 10.1 23:55 4.5 0.0 30.2 12.1 70.8 03:05 136 16 12.1 18.6 19:05 7.3 10:15 6.3 0.0 0.0 5.1 25.7 13:15 297 17 12.7 14.8 15:50 10.3 02:35 5.7 0.0 0.0 2.4 11.3 03:45 353 18 14.1 17.7 16:35 11.6 10:00 4.2 0.0 0.0 3.7 17.7 07:15 281 19 14.8 19.1 18:55 11.8 09:30 3.6 0.0 0.0 1.8 11.3 11:10 271 20 15.4 20.8 18:15 11.9 08:45 2.9 0.0 0.0 2.6 17.7 12:10 289 21 15.6 22.1 18:50 9.9 09:40 2.8 0.0 0.0 2.0 48.3 09:25 289 22 16.8 22.8 17:20 12.1 10:05 1.6 0.0 0.0 1.0 57.9 09:40 256 23 14.7 21.4 17:30 10.6 08:10 3.6 0.0 0.3 0.2 6.4 13:45 194 24 12.0 18.3 18:20 7.7 09:35 6.4 0.0 0.3 1.3 56.3 13:40 254 25 11.5 18.9 18:20 7.3 06:10 6.8 0.0 0.3 1.4 59.5 05:00 246 26 12.1 13.2 19:40 10.9 06:15 6.2 0.0 8.6 3.3 61.2 21:40 124 27 12.9 13.7 15:00 12.1 09:50 5.5 0.0 4.8 1.8 64.4 04:25 85 28 9.2 13.2 00:05 5.2 18:15 9.2 0.0 8.1 5.1 70.8 13:25 141 29 7.7 12.0 15:20 5.1 00:00 10.6 0.0 3.0 3.5 61.2 00:30 238 30 5.0 7.6 15:35 1.4 07:30 13.3 0.0 0.8 1.7 40.2 08:05 169 31 7.4 9.0 14:20 6.4 03:20 10.9 0.0 24.9 1.5 61.2 17:35 233 --------------------------------------------------------------------------------------- 14.6 24.4 03 1.4 30 120.5 4.1 105.2 2.7 70.8 15 187 Updated: 10/17/18 13:15:00