MONTHLY CLIMATOLOGICAL SUMMARY for Aug 2012 NAME: Castelnuovo Bocca d'Adda, Italia ELEV: 55 metri LAT: 45-06.60 N LONG: 009-52.14 E TEMPERATURE (°C), RAIN (mm), WIND SPEED (km/h) HEAT COOL AVG MEAN DEG DEG WIND DOM DAY TEMP HIGH TIME LOW TIME DAYS DAYS RAIN SPEED HIGH TIME DIR --------------------------------------------------------------------------------------- 01 27.2 32.9 18:45 20.8 08:05 0.0 8.9 0.0 3.4 22.5 12:40 114 02 27.8 34.0 20:10 21.6 07:15 0.0 9.4 0.0 3.3 17.7 10:45 14 03 27.3 33.0 20:10 21.3 08:55 0.0 9.0 0.0 3.3 16.1 10:00 328 04 27.4 32.8 17:45 21.1 08:55 0.0 9.1 0.0 3.9 22.5 17:50 106 05 26.6 32.3 19:45 21.2 09:10 0.0 8.2 0.0 4.2 19.3 16:55 336 06 26.4 33.2 18:20 20.6 08:10 0.0 8.0 0.0 6.1 48.3 18:50 227 07 25.9 32.5 20:05 19.9 08:00 0.0 7.5 0.0 3.9 22.5 13:05 302 08 26.2 32.9 19:25 18.4 08:45 0.0 7.9 0.0 3.6 22.5 13:30 113 09 26.7 32.5 20:45 20.7 06:50 0.0 8.4 0.0 3.3 22.5 11:15 100 10 26.1 31.2 18:45 20.1 08:20 0.0 7.8 0.0 7.6 38.6 02:05 122 11 25.3 31.4 19:45 18.9 08:55 0.0 7.0 0.0 3.7 20.9 12:00 107 12 23.9 28.6 20:20 18.5 08:25 0.0 5.6 0.0 5.7 32.2 02:55 120 13 24.6 29.8 19:20 18.7 08:45 0.0 6.3 0.0 4.5 25.7 12:30 119 14 25.7 31.4 20:05 20.2 08:35 0.0 7.4 0.0 4.1 19.3 02:30 109 15 26.7 33.1 19:00 20.6 08:45 0.0 8.4 0.0 2.6 16.1 15:20 30 16 27.0 31.8 18:15 20.5 08:55 0.0 8.7 0.0 3.5 22.5 17:20 333 17 27.7 33.6 19:35 21.6 08:45 0.0 9.4 0.0 3.9 20.9 12:45 131 18 28.3 34.7 17:45 21.9 09:00 0.0 10.0 0.0 2.3 20.9 18:35 111 19 29.0 35.7 18:40 21.9 08:45 0.0 10.7 0.0 3.3 19.3 13:45 108 20 29.5 37.1 19:45 22.3 07:40 0.0 11.2 0.0 2.0 20.9 19:50 111 21 29.6 36.9 19:40 22.2 08:40 0.0 11.3 0.0 2.0 16.1 14:40 336 22 30.2 36.8 18:50 23.6 09:10 0.0 11.9 0.0 1.9 14.5 12:55 5 23 29.2 35.3 19:25 23.3 09:10 0.0 10.9 0.0 3.4 22.5 14:55 67 24 28.7 34.3 19:00 22.3 09:20 0.0 10.3 0.0 3.7 20.9 16:00 336 25 28.8 35.7 18:35 21.3 08:10 0.0 10.5 0.0 3.3 24.1 20:10 214 26 27.1 32.3 17:10 22.0 10:45 0.0 8.8 0.0 9.1 41.8 18:25 305 27 22.5 29.7 19:05 15.0 08:30 0.0 4.2 0.0 4.9 43.5 01:15 118 28 23.8 30.1 17:15 16.9 08:50 0.0 5.5 0.0 2.9 20.9 17:20 75 29 24.7 32.5 20:25 18.1 08:20 0.0 6.4 0.0 2.9 19.3 15:45 299 30 23.6 27.7 00:05 19.9 07:50 0.0 5.2 2.3 2.4 43.5 21:45 313 31 18.7 20.8 00:05 14.8 23:45 0.0 0.4 35.1 4.5 69.2 23:20 342 --------------------------------------------------------------------------------------- 26.5 37.1 20 14.8 31 0.0 254.2 37.3 3.8 69.2 31 85 Updated: 10/17/18 13:15:00