MONTHLY CLIMATOLOGICAL SUMMARY for Sep 2011 NAME: Castelnuovo Bocca d'Adda, Italia ELEV: 55 metri LAT: 45-06.60 N LONG: 009-52.14 E TEMPERATURE (°C), RAIN (mm), WIND SPEED (km/h) HEAT COOL AVG MEAN DEG DEG WIND DOM DAY TEMP HIGH TIME LOW TIME DAYS DAYS RAIN SPEED HIGH TIME DIR --------------------------------------------------------------------------------------- 01 23.7 29.2 19:05 18.6 09:05 0.0 5.3 0.5 2.7 37.0 10:45 15 02 25.0 30.7 17:35 19.4 08:50 0.0 6.7 0.0 2.6 32.2 16:55 308 03 25.9 31.8 17:55 21.3 05:00 0.0 7.6 0.0 3.0 22.5 17:15 122 04 22.7 25.4 19:35 19.9 16:05 0.0 4.4 29.0 3.0 61.2 13:45 329 05 22.5 28.1 18:20 19.1 03:10 0.0 4.2 32.0 2.0 62.8 05:35 199 06 22.5 26.8 17:25 19.1 08:15 0.0 4.2 0.0 3.4 25.7 14:50 119 07 22.0 27.7 17:55 17.0 09:35 0.0 3.6 0.0 3.9 27.4 16:30 296 08 23.0 29.6 20:20 17.2 08:50 0.0 4.6 0.0 1.9 16.1 16:55 291 09 23.7 30.2 18:55 17.9 09:05 0.0 5.4 0.0 3.2 17.7 10:50 232 10 24.8 31.1 18:30 20.4 07:25 0.0 6.5 0.0 1.6 14.5 14:10 131 11 25.1 31.1 18:10 20.1 09:50 0.0 6.8 0.0 2.5 16.1 16:35 299 12 24.9 29.8 20:30 20.5 08:55 0.0 6.5 0.0 3.0 20.9 15:45 302 13 24.8 31.2 20:10 19.3 10:00 0.0 6.5 0.0 1.2 11.3 15:30 41 14 25.2 31.4 19:35 19.8 08:50 0.0 6.9 0.0 2.4 17.7 16:35 317 15 24.6 30.8 18:45 18.9 08:50 0.0 6.2 0.0 2.0 16.1 12:35 2 16 24.3 30.3 18:55 18.4 09:05 0.0 5.9 0.0 1.6 16.1 16:25 302 17 24.0 30.4 17:20 18.9 09:25 0.0 5.7 0.0 3.5 35.4 21:30 305 18 19.7 21.4 00:05 17.5 09:40 0.0 1.4 6.4 5.3 62.8 12:50 160 19 15.7 20.1 03:15 11.9 11:50 2.7 0.0 8.4 5.8 66.0 11:35 282 20 17.1 24.9 19:30 10.2 09:15 1.2 0.0 0.0 2.4 14.5 05:15 277 21 18.6 26.7 19:10 12.1 08:25 0.0 0.2 0.0 3.2 19.3 13:40 282 22 20.2 27.7 19:25 14.8 09:05 0.0 1.9 0.0 2.0 14.5 11:00 292 23 20.4 26.4 18:30 14.9 09:10 0.0 2.0 0.0 2.3 27.4 14:55 125 24 20.5 26.8 18:55 15.6 06:30 0.0 2.2 0.0 1.2 16.1 14:40 138 25 21.0 27.3 18:10 16.2 08:55 0.0 2.7 0.0 1.6 14.5 14:05 143 26 21.0 28.0 18:45 15.3 09:00 0.0 2.6 0.0 1.8 14.5 11:40 274 27 20.6 27.7 18:40 14.1 09:25 0.0 2.2 0.0 1.5 14.5 17:15 349 28 20.6 26.9 18:25 14.7 09:35 0.0 2.2 0.0 2.1 24.1 15:35 150 29 20.2 27.1 18:45 14.1 07:50 0.0 1.9 0.0 1.6 17.7 15:35 154 30 20.0 26.9 18:30 14.2 09:55 0.0 1.7 0.0 1.6 17.7 15:10 172 --------------------------------------------------------------------------------------- 22.1 31.8 03 10.2 20 3.9 118.1 76.2 2.5 66.0 19 281 Updated: 10/17/18 13:15:00